2?
2
What is the tens digit of 6541?
4
What is the thousands digit of 1907?
1
What is the units digit of 5567?
7
What is the tens digit of 7478?
7
What is the units digit of 1109?
9
What is the units digit of 1459?
9
What is the hundreds digit of 1388?
3
What is the thousands digit of 5119?
5
What is the hundreds digit of 20883?
8
What is the hundreds digit of 14510?
5
What is the units digit of 1163?
3
What is the thousands digit of 81146?
1
What is the hundreds digit of 22065?
0
What is the thousands digit of 10019?
0
What is the thousands digit of 6582?
6
What is the thousands digit of 5955?
5
What is the ten thousands digit of 22578?
2
What is the tens digit of 914?
1
What is the tens digit of 550?
5
What is the thousands digit of 3339?
3
What is the hundreds digit of 82666?
6
What is the units digit of 10927?
7
What is the hundreds digit of 564?
5
What is the thousands digit of 14334?
4
What is the units digit of 2352?
2
What is the hundreds digit of 641?
6
What is the units digit of 1237?
7
What is the thousands digit of 66766?
6
What is the hundreds digit of 859?
8
What is the hundreds digit of 99796?
7
What is the tens digit of 13499?
9
What is the tens digit of 17705?
0
What is the thousands digit of 2136?
2
What is the units digit of 395?
5
What is the hundreds digit of 621?
6
What is the units digit of 55480?
0
What is the thousands digit of 1157?
1
What is the tens digit of 15860?
6
What is the thousands digit of 1145?
1
What is the units digit of 11707?
7
What is the thousands digit of 4839?
4
What is the units digit of 2436?
6
What is the hundreds digit of 2277?
2
What is the tens digit of 15927?
2
What is the thousands digit of 12467?
2
What is the units digit of 1628?
8
What is the units digit of 14510?
0
What is the units digit of 1344?
4
What is the thousands digit of 3511?
3
What is the tens digit of 689?
8
What is the tens digit of 59343?
4
What is the tens digit of 1471?
7
What is the thousands digit of 4329?
4
What is the units digit of 9592?
2
What is the thousands digit of 4304?
4
What is the thousands digit of 1385?
1
What is the hundreds digit of 45249?
2
What is the tens digit of 20146?
4
What is the thousands digit of 3455?
3
What is the thousands digit of 2398?
2
What is the hundreds digit of 14952?
9
What is the hundreds digit of 5149?
1
What is the units digit of 95?
5
What is the thousands digit of 1154?
1
What is the thousands digit of 35663?
5
What is the tens digit of 72449?
4
What is the thousands digit of 2732?
2
What is the thousands digit of 1386?
1
What is the units digit of 1304?
4
What is the ten thousands digit of 35441?
3
What is the tens digit of 5749?
4
What is the units digit of 1110?
0
What is the tens digit of 68751?
5
What is the units digit of 1702?
2
What is the hundreds digit of 55137?
1
What is the tens digit of 1866?
6
What is the hundreds digit of 449?
4
What is the hundreds digit of 121?
1
What is the hundreds digit of 2181?
1
What is the tens digit of 2359?
5
What is the hundreds digit of 932?
9
What is the ten thousands digit of 37360?
3
What is the ten thousands digit of 53716?
5
What is the units digit of 23527?
7
What is the thousands digit of 14259?
4
What is the ten thousands digit of 73877?
7
What is the hundreds digit of 3465?
4
What is the tens digit of 1174?
7
What is the hundreds digit of 1558?
5
What is the tens digit of 3258?
5
What is the thousands digit of 18837?
8
What is the ten thousands digit of 11161?
1
What is the hundreds digit of 223?
2
What is the thousands digit of 8730?
8
What is the hundreds digit of 31656?
6
What is the tens digit of 183429?
2
What is the units digit of 818?
8
What is the ten thousands digit of 21669?
2
What is the hundreds digit of 41421?
4
What is the thousands digit of 46920?
6
What is the tens digit of 6311?
1
What is the thousands digit of 2867?
2
What is the hundreds digit of 28697?
6
What is the tens digit of 185779?
7
What is the ten thousands digit of 42183?
4
What is the hundreds digit of 21149?
1
What is the hundreds digit of 7716?
7
What is the units digit of 1058?
8
What is the hundreds digit of 4435?
4
What is the ten thousands digit of 53420?
5
What is the thousands digit of 3825?
3
What is the thousands digit of 26725?
6
What is the thousands digit of 69036?
9
What is the tens digit of 3833?
3
What is the units digit of 261?
1
What is the tens digit of 393?
9
What is the ten thousands digit of 24088?
2
What is the hundreds digit of 8367?
3
What is the tens digit of 44183?
8
What is the thousands digit of 55196?
5
What is the tens digit of 329?
2
What is the units digit of 284?
4
What is the units digit of 21124?
4
What is the hundreds digit of 3306?
3
What is the tens digit of 23382?
8
What is the tens digit of 48497?
9
What is the hundreds digit of 7450?
4
What is the tens digit of 14390?
9
What is the ten thousands digit of 114010?
1
What is the ten thousands digit of 31298?
3
What is the thousands digit of 1167?
1
What is the tens digit of 1376?
7
What is the tens digit of 554?
5
What is the units digit of 21908?
8
What is the thousands digit of 49392?
9
What is the units digit of 93?
3
What is the hundreds digit of 41986?
9
What is the tens digit of 5369?
6
What is the hundreds digit of 530?
5
What is the tens digit of 5313?
1
What is the hundreds digit of 2071?
0
What is the hundreds digit of 382?
3
What is the hundreds digit of 5384?
3
What is the tens digit of 12771?
7
What is the thousands digit of 4930?
4
What is the tens digit of 3789?
8
What is the tens digit of 17685?
8
What is the tens digit of 643?
4
What is the hundreds digit of 2384?
3
What is the thousands digit of 7321?
7
What is the ten thousands digit of 38424?
3
What is the tens digit of 19853?
5
What is the tens digit of 4389?
8
What is the units digit of 1634?
4
What is the hundreds digit of 71883?
8
What is the units digit of 5493?
3
What is the tens digit of 5659?
5
What is the units digit of 46718?
8
What is the units digit of 8558?
8
What is the hundred thousands digit of 114329?
1
What is the units digit of 124?
4
What is the tens digit of 2923?
2
What is the tens digit of 27847?
4
What is the tens digit of 140?
4
What is the hundreds digit of 24019?
0
What is the units digit of 3037?
7
What is the units digit of 368?
8
What is the units digit of 33017?
7
What is the hundreds digit of 826?
8
What is the units digit of 7354?
4
What is the hundreds digit of 9949?
9
What is the hundreds digit of 35099?
0
What is the ten thousands digit of 48483?
4
What is the tens digit of 4669?
6
What is the thousands digit of 1239?
1
What is the tens digit of 4896?
9
What is the units digit of 17370?
0
What is the thousands digit of 1171?
1
What is the hundreds digit of 998?
9
What is the tens digit of 1383?
8
What is the tens digit of 4826?
2
What is the hundreds digit of 906?
9
What is the hundreds digit of 38883?
8
What is the tens digit of 962?
6
What is the ten thousands digit of 17205?
1
What is the tens digit of 10216?
1
What is the hundreds digit of 7487?
4
What is the tens digit of 1223?
2
What is the hundreds digit of 32942?
9
What is the thousands digit of 3172?
3
What is the units digit of 152?
2
What is the units digit of 2220?
0
What is the hundreds digit of 482?
4
What is the thousands digit of 128971?
8
What is the tens digit of 59211?
1
What is the units digit of 1947?
7
What is the hundreds digit of 934?
9
What is the units digit of 16363?
3
What is the tens digit of 21819?
1
What is the tens digit of 5710?
1
What is the hundreds digit of 21699?
6
What is the units digit of 167660?
0
What is the tens digit of 2373?
7
What is the units digit of 9051?
1
What is the hundreds digit of 1176?
1
What is the thousands digit of 1176?
1
What is the tens digit of 45597?
9
What is the tens digit of 1741?
4
What is the ten thousands digit of 27990?
2
What is the units digit of 379?
9
What is the units digit of 60?
0
What is the thousands digit of 96040?
6
What is the tens digit of 24092?
9
What is the units digit of 17372?
2
What is the thousands digit of 1382?
1
What is the ten thousands digit of 19638?
1
What is the hundreds digit of 326?
3
What is the units digit of 2784?
4
What is the hundreds digit of 165?
1
What is the thousands digit of 9364?
9
What 